he prime factors of 57804?
2, 3, 4817
List the prime factors of 87591.
3, 7, 43, 97
What are the prime factors of 3235?
5, 647
What are the prime factors of 554?
2, 277
What are the prime factors of 12139?
61, 199
What are the prime factors of 627?
3, 11, 19
What are the prime factors of 7610?
2, 5, 761
List the prime factors of 1105.
5, 13, 17
What are the prime factors of 1756?
2, 439
List the prime factors of 6572.
2, 31, 53
List the prime factors of 12481.
7, 1783
List the prime factors of 26332.
2, 29, 227
List the prime factors of 9866.
2, 4933
List the prime factors of 3755.
5, 751
List the prime factors of 1035.
3, 5, 23
What are the prime factors of 16137?
3, 11, 163
List the prime factors of 75.
3, 5
List the prime factors of 1651.
13, 127
What are the prime factors of 3206?
2, 7, 229
List the prime factors of 6266.
2, 13, 241
List the prime factors of 716.
2, 179
List the prime factors of 1069.
1069
What are the prime factors of 2605?
5, 521
List the prime factors of 3426.
2, 3, 571
What are the prime factors of 2372?
2, 593
List the prime factors of 7797.
3, 23, 113
List the prime factors of 14295.
3, 5, 953
What are the prime factors of 1529?
11, 139
What are the prime factors of 133?
7, 19
What are the prime factors of 12904?
2, 1613
What are the prime factors of 73295?
5, 107, 137
List the prime factors of 2132.
2, 13, 41
List the prime factors of 9936.
2, 3, 23
List the prime factors of 7630.
2, 5, 7, 109
What are the prime factors of 1320?
2, 3, 5, 11
What are the prime factors of 1252?
2, 313
List the prime factors of 44344.
2, 23, 241
What are the prime factors of 8836?
2, 47
List the prime factors of 23374.
2, 13, 29, 31
List the prime factors of 13441.
13441
List the prime factors of 3942.
2, 3, 73
What are the prime factors of 2476?
2, 619
What are the prime factors of 1101?
3, 367
What are the prime factors of 10647?
3, 7, 13
What are the prime factors of 4107?
3, 37
What are the prime factors of 10177?
10177
List the prime factors of 2798.
2, 1399
What are the prime factors of 43974?
2, 3, 7, 349
What are the prime factors of 23309?
11, 13, 163
List the prime factors of 584.
2, 73
List the prime factors of 5344.
2, 167
What are the prime factors of 32457?
3, 31, 349
What are the prime factors of 12513?
3, 43, 97
List the prime factors of 1345.
5, 269
What are the prime factors of 30292?
2, 7573
List the prime factors of 30041.
11, 2731
List the prime factors of 5840.
2, 5, 73
List the prime factors of 1544.
2, 193
List the prime factors of 65536.
2
List the prime factors of 1185.
3, 5, 79
What are the prime factors of 6461?
7, 13, 71
List the prime factors of 3164.
2, 7, 113
List the prime factors of 702.
2, 3, 13
List the prime factors of 70272.
2, 3, 61
List the prime factors of 11100.
2, 3, 5, 37
List the prime factors of 8742.
2, 3, 31, 47
List the prime factors of 28627.
28627
What are the prime factors of 482?
2, 241
What are the prime factors of 2127?
3, 709
What are the prime factors of 3749?
23, 163
List the prime factors of 17242.
2, 37, 233
List the prime factors of 5553.
3, 617
What are the prime factors of 269?
269
What are the prime factors of 65727?
3, 67, 109
What are the prime factors of 21057?
3, 7019
List the prime factors of 22442.
2, 7, 229
What are the prime factors of 6306?
2, 3, 1051
List the prime factors of 6636.
2, 3, 7, 79
What are the prime factors of 4092?
2, 3, 11, 31
What are the prime factors of 17172?
2, 3, 53
List the prime factors of 1081.
23, 47
List the prime factors of 2227.
17, 131
What are the prime factors of 3634?
2, 23, 79
List the prime factors of 2860.
2, 5, 11, 13
List the prime factors of 26693.
26693
List the prime factors of 105017.
11, 9547
List the prime factors of 13997.
13997
What are the prime factors of 15691?
13, 17, 71
List the prime factors of 38936.
2, 31, 157
List the prime factors of 3664.
2, 229
List the prime factors of 293.
293
What are the prime factors of 17561?
17, 1033
What are the prime factors of 57683?
37, 1559
What are the prime factors of 12436?
2, 3109
What are the prime factors of 4679?
4679
What are the prime factors of 7164?
2, 3, 199
List the prime factors of 14425.
5, 577
List the prime factors of 1833.
3, 13, 47
What are the prime factors of 26129?
17, 29, 53
What are the prime factors of 29423?
29423
List the prime factors of 1110.
2, 3, 5, 37
List the prime factors of 14215.
5, 2843
What are the prime factors of 6805?
5, 1361
List the prime factors of 18935.
5, 7, 541
List the prime factors of 23308.
2, 5827
What are the prime factors of 54040?
2, 5, 7, 193
What are the prime factors of 808?
2, 101
What are the prime factors of 173526?
2, 3, 28921
What are the prime factors of 14383?
19, 757
List the prime factors of 1529.
11, 139
List the prime factors of 3307.
3307
What are the prime factors of 1046?
2, 523
List the prime factors of 334.
2, 167
List the prime factors of 1387.
19, 73
List the prime factors of 3072.
2, 3
What are the prime factors of 118545?
3, 5, 7, 1129
What are the prime factors of 977?
977
List the prime factors of 3242.
2, 1621
What are the prime factors of 8113?
7, 19, 61
List the prime factors of 1848.
2, 3, 7, 11
List the prime factors of 744.
2, 3, 31
List the prime factors of 35107.
35107
What are the prime factors of 7650?
2, 3, 5, 17
List the prime factors of 612.
2, 3, 17
List the prime factors of 2392.
2, 13, 23
List the prime factors of 880.
2, 5, 11
List the prime factors of 4539.
3, 17, 89
What are the prime factors of 11640?
2, 3, 5, 97
List the prime factors of 127435.
5, 7, 11, 331
What are the prime factors of 699?
3, 233
List the prime factors of 61628.
2, 7, 31, 71
List the prime factors of 47.
47
List the prime factors of 59411.
11, 491
What are the prime factors of 7531?
17, 443
What are the prime factors of 733?
733
What are the prime factors of 367?
367
What are the prime factors of 25572?
2, 3, 2131
List the prime factors of 5188.
2, 1297
What are the prime factors of 15915?
3, 5, 1061
List the prime factors of 66914.
2, 33457
List the prime factors of 805.
5, 7, 23
List the prime factors of 2147.
19, 113
What are the prime factors of 33543?
3, 3727
List the prime factors of 1715.
5, 7
What are the prime factors of 2612?
2, 653
List the prime factors of 7319.
13, 563
List the prime factors of 115.
5, 23
List the prime factors of 3732.
2, 3, 311
What are the prime factors of 1867?
1867
List the prime factors of 658.
2, 7, 47
What are the prime factors of 30?
2, 3, 5
List the prime factors of 101714.
2, 50857
List the prime factors of 3637.
3637
What are the prime factors of 104055?
3, 5, 7, 991
What are the prime factors of 6140?
2, 5, 307
List the prime factors of 8669.
8669
List the prime factors of 154274.
2, 77137
List the prime factors of 4083.
3, 1361
What are the prime factors of 883?
883
List the prime factors of 157.
157
What are the prime factors of 157?
157
What are the prime factors of 3142?
2, 1571
What are the prime factors of 4678?
2, 2339
List the prime factors of 853.
853
List the prime factors of 33746.
2, 47, 359
List the prime factors of 8350.
2, 5, 167
List the prime factors of 4419.
3, 491
What are the prime factors of 2551?
2551
List the prime factors of 1444.
2, 19
What are the prime factors of 1255?
5, 251
List the prime factors of 37875.
3, 5, 101
What are the prime factors of 34389?
3, 3821
What are the prime factors of 100943?
100943
What are the prime factors of 2200?
2, 5, 11
List the prime factors of 47132.
2, 11783
List the prime factors of 6306.
2, 3, 1051
List the prime factors of 31828.
2, 73, 109
What are the prime factors of 21066?
2, 3, 3511
What are the prime factors of 7396?
2, 43
List the prime factors of 4947.
3, 17, 97
What are the prime factors of 71435?
5, 7, 13, 157
List the prime factors of 50084.
2, 19, 659
What are the prime factors of 896?
2, 7
What are the prime factors of 3293?
37, 89
What are the prime factors of 1599?
3, 13, 41
List the prime factors of 86552.
2, 31, 349
What are the prime factors of 20042?
2, 11, 911
List the prime factors of 74058.
2, 3, 12343
What are the prime factors of 7490?
2, 5, 7, 107
List the prime factors of 7073.
11, 643
List the prime factors of 1988.
2, 7, 71
What are the prime factors of 8534?
2, 17, 251
W